12726?
7
What is the units digit of 16096126?
6
What is the hundreds digit of 1867331?
3
What is the ten thousands digit of 5044404?
4
What is the millions digit of 5412462?
5
What is the hundred thousands digit of 717855?
7
What is the thousands digit of 9549246?
9
What is the tens digit of 7893012?
1
What is the ten thousands digit of 29544?
2
What is the units digit of 3057375?
5
What is the millions digit of 3595595?
3
What is the units digit of 7882337?
7
What is the ten thousands digit of 5048276?
4
What is the ten thousands digit of 421572?
2
What is the hundred thousands digit of 801133?
8
What is the thousands digit of 5311210?
1
What is the hundred thousands digit of 2204402?
2
What is the hundreds digit of 18686?
6
What is the hundred thousands digit of 204582?
2
What is the ten thousands digit of 12054213?
5
What is the units digit of 188850?
0
What is the thousands digit of 230944?
0
What is the units digit of 350964?
4
What is the ten thousands digit of 770390?
7
What is the thousands digit of 447554?
7
What is the units digit of 12402792?
2
What is the hundreds digit of 1903853?
8
What is the ten thousands digit of 446529?
4
What is the units digit of 1229279?
9
What is the tens digit of 140214?
1
What is the hundred thousands digit of 652027?
6
What is the hundreds digit of 729493?
4
What is the tens digit of 17289649?
4
What is the millions digit of 1932325?
1
What is the ten thousands digit of 2141991?
4
What is the tens digit of 3937202?
0
What is the ten thousands digit of 205248?
0
What is the ten millions digit of 28213130?
2
What is the units digit of 3162200?
0
What is the thousands digit of 214181?
4
What is the millions digit of 24687822?
4
What is the thousands digit of 292501?
2
What is the units digit of 22524845?
5
What is the millions digit of 1322575?
1
What is the millions digit of 5541775?
5
What is the units digit of 447663?
3
What is the units digit of 404122?
2
What is the hundred thousands digit of 526655?
5
What is the thousands digit of 252859?
2
What is the hundred thousands digit of 24072055?
0
What is the thousands digit of 106861?
6
What is the thousands digit of 9992558?
2
What is the hundred thousands digit of 619655?
6
What is the units digit of 1209295?
5
What is the units digit of 2405665?
5
What is the tens digit of 808988?
8
What is the hundred thousands digit of 172714?
1
What is the ten thousands digit of 559646?
5
What is the hundreds digit of 388908?
9
What is the units digit of 6672783?
3
What is the ten thousands digit of 844464?
4
What is the units digit of 1046026?
6
What is the thousands digit of 28272857?
2
What is the thousands digit of 1566799?
6
What is the hundred thousands digit of 3014051?
0
What is the units digit of 140164?
4
What is the tens digit of 1398281?
8
What is the units digit of 812578?
8
What is the thousands digit of 312688?
2
What is the thousands digit of 3515502?
5
What is the hundreds digit of 1219487?
4
What is the hundreds digit of 2548923?
9
What is the thousands digit of 75970?
5
What is the hundreds digit of 3524962?
9
What is the tens digit of 1686648?
4
What is the thousands digit of 307723?
7
What is the ten thousands digit of 346232?
4
What is the units digit of 249073?
3
What is the thousands digit of 786305?
6
What is the ten millions digit of 21294523?
2
What is the hundreds digit of 5294868?
8
What is the hundred thousands digit of 1387902?
3
What is the millions digit of 1965271?
1
What is the thousands digit of 14604853?
4
What is the thousands digit of 413271?
3
What is the thousands digit of 4121425?
1
What is the hundreds digit of 133477?
4
What is the ten millions digit of 13961765?
1
What is the tens digit of 380462?
6
What is the thousands digit of 1277577?
7
What is the tens digit of 1364773?
7
What is the hundred thousands digit of 11488045?
4
What is the hundred thousands digit of 428501?
4
What is the thousands digit of 196384?
6
What is the hundreds digit of 872009?
0
What is the units digit of 371413?
3
What is the tens digit of 9383308?
0
What is the tens digit of 456008?
0
What is the units digit of 31600287?
7
What is the tens digit of 2024659?
5
What is the millions digit of 3905571?
3
What is the thousands digit of 120796?
0
What is the millions digit of 1293392?
1
What is the hundreds digit of 669241?
2
What is the units digit of 122885?
5
What is the hundreds digit of 7638213?
2
What is the ten thousands digit of 617704?
1
What is the millions digit of 4425729?
4
What is the hundred thousands digit of 344384?
3
What is the ten thousands digit of 24156812?
5
What is the hundreds digit of 424573?
5
What is the units digit of 2322219?
9
What is the millions digit of 1932321?
1
What is the tens digit of 359304?
0
What is the hundred thousands digit of 235826?
2
What is the hundred thousands digit of 6015196?
0
What is the tens digit of 388308?
0
What is the ten thousands digit of 1143761?
4
What is the thousands digit of 1403686?
3
What is the millions digit of 5709817?
5
What is the thousands digit of 567577?
7
What is the hundred thousands digit of 3388083?
3
What is the tens digit of 218580?
8
What is the thousands digit of 5809361?
9
What is the units digit of 1474224?
4
What is the tens digit of 1543171?
7
What is the hundred thousands digit of 343957?
3
What is the tens digit of 30705980?
8
What is the tens digit of 435333?
3
What is the ten thousands digit of 89721?
8
What is the ten thousands digit of 1347154?
4
What is the thousands digit of 1765650?
5
What is the units digit of 7886167?
7
What is the hundreds digit of 7409129?
1
What is the units digit of 17760524?
4
What is the units digit of 13912?
2
What is the units digit of 6839768?
8
What is the millions digit of 13941589?
3
What is the hundred thousands digit of 190429?
1
What is the ten millions digit of 30306015?
3
What is the hundred thousands digit of 1641905?
6
What is the tens digit of 133224?
2
What is the tens digit of 1361998?
9
What is the hundred thousands digit of 216300?
2
What is the units digit of 28743?
3
What is the hundreds digit of 226516?
5
What is the thousands digit of 16393295?
3
What is the thousands digit of 10675581?
5
What is the units digit of 43755?
5
What is the hundreds digit of 501013?
0
What is the ten thousands digit of 2379024?
7
What is the thousands digit of 198287?
8
What is the millions digit of 2752502?
2
What is the hundreds digit of 1704947?
9
What is the ten thousands digit of 270703?
7
What is the hundreds digit of 104299?
2
What is the thousands digit of 323238?
3
What is the tens digit of 1010022?
2
What is the hundred thousands digit of 124196?
1
What is the hundreds digit of 449565?
5
What is the ten thousands digit of 22254147?
5
What is the hundred thousands digit of 8827334?
8
What is the hundreds digit of 143398?
3
What is the ten thousands digit of 12756806?
5
What is the hundred thousands digit of 268144?
2
What is the tens digit of 1008798?
9
What is the tens digit of 13061089?
8
What is the units digit of 105678?
8
What is the millions digit of 3791457?
3
What is the tens digit of 53982?
8
What is the millions digit of 14359369?
4
What is the ten thousands digit of 3378044?
7
What is the units digit of 262676?
6
What is the ten thousands digit of 28808?
2
What is the tens digit of 171923?
2
What is the tens digit of 5242946?
4
What is the hundred thousands digit of 12351109?
3
What is the millions digit of 7387934?
7
What is the thousands digit of 45595280?
5
What is the millions digit of 4968947?
4
What is the hundreds digit of 204432?
4
What is the hundreds digit of 2178629?
6
What is the hundred thousands digit of 17915558?
9
What is the units digit of 13733685?
5
What is the hundreds digit of 2938990?
9
What is the millions digit of 2052471?
2
What is the hundred thousands digit of 688503?
6
What is the ten thousands digit of 350831?
5
What is the units digit of 100843?
3
What is the tens digit of 1702342?
4
What is the units digit of 13838715?
5
What is the ten thousands digit of 4135314?
3
What is the hundreds digit of 3439701?
7
What is the tens digit of 2682315?
1
What is the units digit of 182548?
8
What is the units digit of 821379?
9
What is the ten thousands digit of 172524?
7
What is the uni